{"id":8,"date":"2021-11-19T06:33:35","date_gmt":"2021-11-19T06:33:35","guid":{"rendered":"https:\/\/medicinamuncii.md\/?page_id=8"},"modified":"2026-01-17T14:00:53","modified_gmt":"2026-01-17T12:00:53","slug":"despre","status":"publish","type":"page","link":"https:\/\/medicinamuncii.md\/?page_id=8","title":{"rendered":"Despre"},"content":{"rendered":"<p><strong>Medicina muncii<\/strong><\/p>\n<p>Medicina muncii este specialitatea medical\u0103 care studiaz\u0103 rela\u021bia om-munc\u0103, adaptarea omului la munc\u0103 \u0219i adaptarea muncii la persoana care o efectueaz\u0103. Se ocup\u0103 cu preven\u021bia, diagnosticarea \u0219i managementul bolilor profesionale \u0219i a celor legate de profesiune, a accidentelor de munc\u0103, precum \u0219i cu promovarea s\u0103n\u0103t\u0103\u021bii \u0219i productivit\u0103\u021bii muncitorilor.<\/p>\n<p>Serviciul de medicina muncii urm\u0103re\u0219te evaluarea locului de munc\u0103 \u0219i stabilirea aptitudinii \u00een munc\u0103 a angaja\u021bilor, men\u021binerea st\u0103rii de s\u0103n\u0103tate a acestora, preven\u021bia \u00eembolnavirilor legate de profesie, diagnosticul precoce al afec\u021biunilor angaja\u021bilor, sc\u0103derea absenteismului la munc\u0103.<\/p>\n<p>Cel mai important factor care determin\u0103 buna desf\u0103\u0219urare a unei companii este reprezentat de angaja\u021bii s\u0103i. \u00cens\u0103, pentru ca angaja\u021bii s\u0103 \u00ee\u0219i poat\u0103 desf\u0103\u0219ura activitatea \u0219i s\u0103 \u00ee\u0219i \u00eendeplineasc\u0103 sarcinile, starea de s\u0103n\u0103tate \u0219i siguran\u021b\u0103 a acestora sunt elemente vitale. Printr-un consult periodic eficient si prin luarea m\u0103surilor pentru prevenirea \u00eemboln\u0103virilor legate de profesie, angaja\u021bii se vor afl\u0103 \u00een siguran\u021b\u0103, \u00ee\u0219i vor men\u021bine starea de s\u0103n\u0103tate \u0219i \u00ee\u0219i vor putea \u00eendeplini cu succes \u0219i motiva\u021bie atribu\u021biile profesionale.<\/p>\n<p>Obiectivele medicinii ocupa\u021bionale:<\/p>\n<ul>\n<li>promovarea \u0219i men\u021binerea la nivel cel mai \u00eenalt al bunei st\u0103ri fizice, mentale \u0219i sociale a muncitorului din toate profesiile;<\/li>\n<li>prevenirea apari\u021biei devierilor de la starea de s\u0103n\u0103tate a muncitorilor, din cauza condi\u021biilor de munc\u0103 \u0219i protec\u021bia lui \u00een profesiunea sa fa\u021b\u0103 de riscurile care ar surveni din factori nocivi;<\/li>\n<li>plasarea \u0219i men\u021binerea muncitorului \u00eentr-un mediu de munc\u0103 adaptat la posibilit\u0103\u021bile sale fiziologice \u0219i psihologice.<\/li>\n<\/ul>\n<p>&nbsp;<\/p>\n<p>&nbsp;<\/p>\n<p><strong>Evaluarea\u00a0 st\u0103rii de s\u0103n\u0103tate a angaja\u021bilor prin efectuarea examenului medical la angajarea \u00een munc\u0103 \u0219i a\u00a0 examenului medical periodic<\/strong><\/p>\n<p>&nbsp;<\/p>\n<p>\u00cen conformitate cu prevederile Legii securit\u0103\u021bii \u0219i s\u0103n\u0103t\u0103\u021bii \u00een munc\u0103 nr. 186 din 10.07.2008 \u0219i a Regulamentului sanitar\u00a0 privind supravegherea s\u0103n\u0103t\u0103\u021bii persoanelor expuse ac\u021biunii factorilor profesionali de risc, angajatorul din orice domeniu de activitate, at\u00eet din sectorul public, c\u00eet \u015fi din cel privat, este obligat:<\/p>\n<ul>\n<li>s\u0103 asigure efectuarea examenelor medicale necesare pentru supravegherea s\u0103n\u0103t\u0103\u021bii lucr\u0103torilor, \u00een perioada ac\u021biunii contractului individual de munc\u0103, f\u0103r\u0103 a-i implica pe ace\u0219tia \u00een costurile aferente;<\/li>\n<li>s\u0103 asigure trimiterea la examenele medicale profilactice a tuturor lucr\u0103torilor expu\u0219i factorilor profesionali de risc;<\/li>\n<\/ul>\n<p>Examenul medical la angajare are ca obiectiv plasarea \u00een munc\u0103 a fiec\u0103rui angajat, \u021bin\u00eendu-se cont de posibilit\u0103\u021bile sale fiziologice \u0219i mentale. Acest examen trebuie s\u0103 identifice persoanele vulnerabile la anumite expuneri profesionale. Examenul medical la angajare ne ofer\u0103 \u00een acela\u0219i timp unele date care pot fi ulterior folosite drept criterii de referin\u021b\u0103 \u00een examenele medicale periodice.<\/p>\n<p>Examenul medical la angajare \u00een munc\u0103 const\u0103 \u00een:<\/p>\n<ul>\n<li>studierea dosarului medical;<\/li>\n<li>colectarea anamnezei profesionale \u015fi \u00eenregistrarea \u00een dosarul medical;<\/li>\n<li>efectuarea examenului clinic general.<\/li>\n<\/ul>\n<p>Examenele medicale periodice se fac tuturor angaja\u021bilor, indiferent de forma de angajare, anual, obligatoriu, indiferenta dac\u0103 sunt expu\u0219i sau nu la noxe.<\/p>\n<p>Examenul medical periodic include:<\/p>\n<ul>\n<li>\u00eenregistrarea schimb\u0103rilor \u00een starea de s\u0103n\u0103tate a lucr\u0103torilor, care au intervenit de la examenul medical la angajare\/adaptare sau de la examenul medical periodic precedent;<\/li>\n<li>examenul clinic general, conform dosarului medical;<\/li>\n<li>organizarea examenelor paraclinice;<\/li>\n<li>\u00eenregistrarea rezultatelor \u00een dosarul medical;<\/li>\n<li>formularea concluziei privind aptitudinea \u00een munc\u0103 a persoanei examinate, cu completarea fi\u015fei de aptitudine.<\/li>\n<\/ul>\n<p><strong>Consilierea angajatorului privind adaptarea muncii \u0219i a locului de munc\u0103 la caracteristicile psihofiziologice ale angaja\u021bilor<\/strong><strong>\u00a0<\/strong><\/p>\n<p><strong>\u00cendrumarea activit\u0103\u021bii de reabilitare, reorientare profesional\u0103 \u00een caz de accident de munc\u0103 sau boal\u0103 profesional\u0103<\/strong><strong>\u00a0<\/strong><\/p>\n<p><strong>\u00centocmirea dosarului medical<\/strong><strong>\u00a0<\/strong><\/p>\n<p><strong>Supraveghere sanitar\u0103<\/strong><\/p>\n<p>Supravegherea s\u0103n\u0103t\u0103\u021bii lucr\u0103torilor\u00a0reprezint\u0103 totalitatea serviciilor medicale care asigur\u0103 prevenirea, depistarea, dispensarizarea bolilor profesionale \u0219i a bolilor legate de profesie, precum \u0219i men\u021binerea s\u0103n\u0103t\u0103\u021bii \u0219i a capacit\u0103\u021bii de munc\u0103 a lucr\u0103torilor.<\/p>\n","protected":false},"excerpt":{"rendered":"<p>Medicina muncii Medicina muncii este specialitatea medical\u0103 care studiaz\u0103 rela\u021bia om-munc\u0103, adaptarea omului la munc\u0103 \u0219i adaptarea muncii la persoana care o efectueaz\u0103. Se ocup\u0103 cu preven\u021bia, diagnosticarea \u0219i managementul bolilor profesionale \u0219i a celor legate de profesiune, a accidentelor de munc\u0103, precum \u0219i cu promovarea s\u0103n\u0103t\u0103\u021bii \u0219i productivit\u0103\u021bii muncitorilor. Serviciul de medicina muncii urm\u0103re\u0219te &hellip;<br \/><a href=\"https:\/\/medicinamuncii.md\/?page_id=8\" class=\"more-link pen_button pen_element_default pen_icon_arrow_double\">Continu\u0103 lectura <span class=\"screen-reader-text\">Despre<\/span><\/a><\/p>\n","protected":false},"author":1,"featured_media":0,"parent":0,"menu_order":2,"comment_status":"closed","ping_status":"closed","template":"","meta":{"footnotes":""},"class_list":["post-8","page","type-page","status-publish","hentry"],"yoast_head":"<!-- This site is optimized with the Yoast SEO plugin v27.5 - https:\/\/yoast.com\/product\/yoast-seo-wordpress\/ -->\n<title>Despre - Medicina Muncii<\/title>\n<meta name=\"robots\" content=\"index, follow, max-snippet:-1, max-image-preview:large, max-video-preview:-1\" \/>\n<link rel=\"canonical\" href=\"https:\/\/medicinamuncii.md\/?page_id=8\" \/>\n<meta property=\"og:locale\" content=\"ro_RO\" \/>\n<meta property=\"og:type\" content=\"article\" \/>\n<meta property=\"og:title\" content=\"Despre - Medicina Muncii\" \/>\n<meta property=\"og:description\" content=\"Medicina muncii Medicina muncii este specialitatea medical\u0103 care studiaz\u0103 rela\u021bia om-munc\u0103, adaptarea omului la munc\u0103 \u0219i adaptarea muncii la persoana care o efectueaz\u0103. Se ocup\u0103 cu preven\u021bia, diagnosticarea \u0219i managementul bolilor profesionale \u0219i a celor legate de profesiune, a accidentelor de munc\u0103, precum \u0219i cu promovarea s\u0103n\u0103t\u0103\u021bii \u0219i productivit\u0103\u021bii muncitorilor. Serviciul de medicina muncii urm\u0103re\u0219te &hellip;Continu\u0103 lectura Despre\" \/>\n<meta property=\"og:url\" content=\"https:\/\/medicinamuncii.md\/?page_id=8\" \/>\n<meta property=\"og:site_name\" content=\"Medicina Muncii\" \/>\n<meta property=\"article:modified_time\" content=\"2026-01-17T12:00:53+00:00\" \/>\n<meta name=\"twitter:card\" content=\"summary_large_image\" \/>\n<meta name=\"twitter:label1\" content=\"Timp estimat pentru citire\" \/>\n\t<meta name=\"twitter:data1\" content=\"4 minute\" \/>\n<script type=\"application\/ld+json\" class=\"yoast-schema-graph\">{\"@context\":\"https:\\\/\\\/schema.org\",\"@graph\":[{\"@type\":\"WebPage\",\"@id\":\"https:\\\/\\\/medicinamuncii.md\\\/?page_id=8\",\"url\":\"https:\\\/\\\/medicinamuncii.md\\\/?page_id=8\",\"name\":\"Despre - Medicina Muncii\",\"isPartOf\":{\"@id\":\"https:\\\/\\\/medicinamuncii.md\\\/#website\"},\"datePublished\":\"2021-11-19T06:33:35+00:00\",\"dateModified\":\"2026-01-17T12:00:53+00:00\",\"breadcrumb\":{\"@id\":\"https:\\\/\\\/medicinamuncii.md\\\/?page_id=8#breadcrumb\"},\"inLanguage\":\"ro-RO\",\"potentialAction\":[{\"@type\":\"ReadAction\",\"target\":[\"https:\\\/\\\/medicinamuncii.md\\\/?page_id=8\"]}]},{\"@type\":\"BreadcrumbList\",\"@id\":\"https:\\\/\\\/medicinamuncii.md\\\/?page_id=8#breadcrumb\",\"itemListElement\":[{\"@type\":\"ListItem\",\"position\":1,\"name\":\"Prima pagin\u0103\",\"item\":\"https:\\\/\\\/medicinamuncii.md\\\/\"},{\"@type\":\"ListItem\",\"position\":2,\"name\":\"Despre\"}]},{\"@type\":\"WebSite\",\"@id\":\"https:\\\/\\\/medicinamuncii.md\\\/#website\",\"url\":\"https:\\\/\\\/medicinamuncii.md\\\/\",\"name\":\"Medicina Muncii\",\"description\":\"Fiecare este responsabil pentru siguran\u021ba la locul de munc\u0103 ... chiar \u0219i tu!\",\"potentialAction\":[{\"@type\":\"SearchAction\",\"target\":{\"@type\":\"EntryPoint\",\"urlTemplate\":\"https:\\\/\\\/medicinamuncii.md\\\/?s={search_term_string}\"},\"query-input\":{\"@type\":\"PropertyValueSpecification\",\"valueRequired\":true,\"valueName\":\"search_term_string\"}}],\"inLanguage\":\"ro-RO\"}]}<\/script>\n<!-- \/ Yoast SEO plugin. -->","yoast_head_json":{"title":"Despre - Medicina Muncii","robots":{"index":"index","follow":"follow","max-snippet":"max-snippet:-1","max-image-preview":"max-image-preview:large","max-video-preview":"max-video-preview:-1"},"canonical":"https:\/\/medicinamuncii.md\/?page_id=8","og_locale":"ro_RO","og_type":"article","og_title":"Despre - Medicina Muncii","og_description":"Medicina muncii Medicina muncii este specialitatea medical\u0103 care studiaz\u0103 rela\u021bia om-munc\u0103, adaptarea omului la munc\u0103 \u0219i adaptarea muncii la persoana care o efectueaz\u0103. Se ocup\u0103 cu preven\u021bia, diagnosticarea \u0219i managementul bolilor profesionale \u0219i a celor legate de profesiune, a accidentelor de munc\u0103, precum \u0219i cu promovarea s\u0103n\u0103t\u0103\u021bii \u0219i productivit\u0103\u021bii muncitorilor. Serviciul de medicina muncii urm\u0103re\u0219te &hellip;Continu\u0103 lectura Despre","og_url":"https:\/\/medicinamuncii.md\/?page_id=8","og_site_name":"Medicina Muncii","article_modified_time":"2026-01-17T12:00:53+00:00","twitter_card":"summary_large_image","twitter_misc":{"Timp estimat pentru citire":"4 minute"},"schema":{"@context":"https:\/\/schema.org","@graph":[{"@type":"WebPage","@id":"https:\/\/medicinamuncii.md\/?page_id=8","url":"https:\/\/medicinamuncii.md\/?page_id=8","name":"Despre - Medicina Muncii","isPartOf":{"@id":"https:\/\/medicinamuncii.md\/#website"},"datePublished":"2021-11-19T06:33:35+00:00","dateModified":"2026-01-17T12:00:53+00:00","breadcrumb":{"@id":"https:\/\/medicinamuncii.md\/?page_id=8#breadcrumb"},"inLanguage":"ro-RO","potentialAction":[{"@type":"ReadAction","target":["https:\/\/medicinamuncii.md\/?page_id=8"]}]},{"@type":"BreadcrumbList","@id":"https:\/\/medicinamuncii.md\/?page_id=8#breadcrumb","itemListElement":[{"@type":"ListItem","position":1,"name":"Prima pagin\u0103","item":"https:\/\/medicinamuncii.md\/"},{"@type":"ListItem","position":2,"name":"Despre"}]},{"@type":"WebSite","@id":"https:\/\/medicinamuncii.md\/#website","url":"https:\/\/medicinamuncii.md\/","name":"Medicina Muncii","description":"Fiecare este responsabil pentru siguran\u021ba la locul de munc\u0103 ... chiar \u0219i tu!","potentialAction":[{"@type":"SearchAction","target":{"@type":"EntryPoint","urlTemplate":"https:\/\/medicinamuncii.md\/?s={search_term_string}"},"query-input":{"@type":"PropertyValueSpecification","valueRequired":true,"valueName":"search_term_string"}}],"inLanguage":"ro-RO"}]}},"jetpack_sharing_enabled":true,"_links":{"self":[{"href":"https:\/\/medicinamuncii.md\/index.php?rest_route=\/wp\/v2\/pages\/8","targetHints":{"allow":["GET"]}}],"collection":[{"href":"https:\/\/medicinamuncii.md\/index.php?rest_route=\/wp\/v2\/pages"}],"about":[{"href":"https:\/\/medicinamuncii.md\/index.php?rest_route=\/wp\/v2\/types\/page"}],"author":[{"embeddable":true,"href":"https:\/\/medicinamuncii.md\/index.php?rest_route=\/wp\/v2\/users\/1"}],"replies":[{"embeddable":true,"href":"https:\/\/medicinamuncii.md\/index.php?rest_route=%2Fwp%2Fv2%2Fcomments&post=8"}],"version-history":[{"count":3,"href":"https:\/\/medicinamuncii.md\/index.php?rest_route=\/wp\/v2\/pages\/8\/revisions"}],"predecessor-version":[{"id":148,"href":"https:\/\/medicinamuncii.md\/index.php?rest_route=\/wp\/v2\/pages\/8\/revisions\/148"}],"wp:attachment":[{"href":"https:\/\/medicinamuncii.md\/index.php?rest_route=%2Fwp%2Fv2%2Fmedia&parent=8"}],"curies":[{"name":"wp","href":"https:\/\/api.w.org\/{rel}","templated":true}]}}