{"id":42,"date":"2021-11-19T08:10:13","date_gmt":"2021-11-19T08:10:13","guid":{"rendered":"https:\/\/medicinamuncii.md\/?page_id=42"},"modified":"2026-01-17T14:09:34","modified_gmt":"2026-01-17T12:09:34","slug":"home","status":"publish","type":"page","link":"https:\/\/medicinamuncii.md\/","title":{"rendered":"MEDICINA MUNCII\u00a0"},"content":{"rendered":"<div>\n<div dir=\"auto\"><a href=\"www.medicinamuncii.md\"><img loading=\"lazy\" decoding=\"async\" class=\"aligncenter\" src=\"https:\/\/medicinamuncii.md\/wp-content\/uploads\/2026\/01\/cropped-ChatGPT-Image-16-\u044f\u043d\u0432.-2026-\u0433.-15_12_17.png\" alt=\"\" width=\"1170\" height=\"575\" \/><\/a><\/div>\n<div dir=\"auto\"><\/div>\n<div dir=\"auto\"><\/div>\n<div dir=\"auto\">Medicina muncii reprezinta un serviciu obligatoriu pentru orice companie, indiferent de marime, industrie si profil. Totodata, este esentiala pentru monitorizarea starii de sanatate a angajatilor.<\/div>\n<div dir=\"auto\">Medicii specialisti a Centrului medical \u201eMedFaktor\u201d sunt la curent cu reglementarile legislative privind sanatatea si securitatea in munca, si lucreaza cu angajatori pentru a mentine intreprinderile functionate si angajatii in siguranta si sanatosi la locul de munca.<\/div>\n<div dir=\"auto\">\u2022\u00a0 SERVICII DE MEDICIN\u0102 OCUPA\u021aIONAL\u0102:<\/div>\n<div dir=\"auto\">Scopul activit\u0103\u021bii Centrul medical \u201eMedFaktor\u201d este predominant preventiv, el evalueaz\u0103 riscurile privind \u00eemboln\u0103virile profesionale \u0219i ofer\u0103 angaja\u021bilor solu\u021bii pentru evitarea apari\u021biei bolilor profesionale sau a celor legate de profesie.<\/div>\n<\/div>\n<div>\n<div dir=\"auto\">&#8211; \u00a0Unitate mobil\u0103 pentru efectuarea examenelor medicale direct la sediul companiei.<\/div>\n<div dir=\"auto\">&#8211; \u00a0Speciali\u0219ti califica\u021bi \u0219i cu experien\u021b\u0103 ;<\/div>\n<\/div>\n<div>\n<div dir=\"auto\">\u00cempreun\u0103 g\u00eendim \u0219i ac\u021bion\u0103m \u00een siguran\u021b\u0103<\/div>\n<div dir=\"auto\"><a href=\"https:\/\/medicinamuncii.md\/?page_id=7\">Apas\u0103 detalii<\/a><\/div>\n<div dir=\"auto\">\n<hr \/>\n<p>Consultan\u021b\u0103 \u00een domeniul SSM<\/p>\n<p>Prin personalul nostru abilitat oferim, \u00een conformitate cu \u00a0prevederile Legii cu privire la securitatea \u0219i s\u0103n\u0103tatea \u00een munc\u0103 nr.186-XVI din 10.07.2008, consultan\u021b\u0103 \u00een domeniul SSM<\/p>\n<p>Oferirea suportului pentru realizarea m\u0103surilor de protec\u021bie \u0219i prevenire dispuse de c\u0103tre inspectorii de munc\u0103 cu prilejul vizitelor de control \u00een unitate<\/p>\n<p>Oferirea consultan\u021bei \u00een domeniul cercet\u0103rii accidentelor de munc\u0103<\/p>\n<p>Consultan\u021ba realizat\u0103 de speciali\u0219tii no\u0219tri va viza \u00eemprejur\u0103rile \u015fi cauzele care au condus la producerea accidentului, reglement\u0103rile legale \u00eenc\u0103lcate, r\u0103spunderile \u015fi m\u0103surile ce se impun a fi luate pentru prevenirea producerii altor cazuri similare.<\/p>\n<p>Cursul INSPECTOR IN DOMENIUL<\/p>\n<p>SECURITATII SI SANATATII IN MUNCA urm\u0103re\u015fte \u00eensu\u015firea de c\u0103tre cursan\u0163i a cuno\u015ftin\u0163elor de baz\u0103 pe linia securit\u0103\u0163ii \u015fi s\u0103n\u0103t\u0103\u0163ii \u00een munc\u0103, precum \u015fi dob\u00e2ndirea \u015fi antrenarea capacit\u0103\u0163ilor de aplicare corect\u0103 \u015fi concret\u0103 a no\u0163iunilor de baz\u0103 \u00een activitatea de protec\u0163ia muncii.<\/p>\n<p><a href=\"https:\/\/medicinamuncii.md\/?page_id=74\">Apasa detalii<\/a><\/p>\n<\/div>\n<\/div>\n","protected":false},"excerpt":{"rendered":"<p>Medicina muncii reprezinta un serviciu obligatoriu pentru orice companie, indiferent de marime, industrie si profil. Totodata, este esentiala pentru monitorizarea starii de sanatate a angajatilor. Medicii specialisti a Centrului medical \u201eMedFaktor\u201d sunt la curent cu reglementarile legislative privind sanatatea si securitatea in munca, si lucreaza cu angajatori pentru a mentine intreprinderile functionate si angajatii in &hellip;<br \/><a href=\"https:\/\/medicinamuncii.md\/\" class=\"more-link pen_button pen_element_default pen_icon_arrow_double\">Continu\u0103 lectura <span class=\"screen-reader-text\">MEDICINA MUNCII\u00a0<\/span><\/a><\/p>\n","protected":false},"author":1,"featured_media":0,"parent":0,"menu_order":1,"comment_status":"closed","ping_status":"closed","template":"","meta":{"footnotes":""},"class_list":["post-42","page","type-page","status-publish","hentry"],"yoast_head":"<!-- This site is optimized with the Yoast SEO plugin v27.5 - https:\/\/yoast.com\/product\/yoast-seo-wordpress\/ -->\n<title>MEDICINA MUNCII\u00a0 - Medicina Muncii<\/title>\n<meta name=\"robots\" content=\"index, follow, max-snippet:-1, max-image-preview:large, max-video-preview:-1\" \/>\n<link rel=\"canonical\" href=\"https:\/\/medicinamuncii.md\/\" \/>\n<meta property=\"og:locale\" content=\"ro_RO\" \/>\n<meta property=\"og:type\" content=\"article\" \/>\n<meta property=\"og:title\" content=\"MEDICINA MUNCII\u00a0 - Medicina Muncii\" \/>\n<meta property=\"og:description\" content=\"Medicina muncii reprezinta un serviciu obligatoriu pentru orice companie, indiferent de marime, industrie si profil. Totodata, este esentiala pentru monitorizarea starii de sanatate a angajatilor. Medicii specialisti a Centrului medical \u201eMedFaktor\u201d sunt la curent cu reglementarile legislative privind sanatatea si securitatea in munca, si lucreaza cu angajatori pentru a mentine intreprinderile functionate si angajatii in &hellip;Continu\u0103 lectura MEDICINA MUNCII\u00a0\" \/>\n<meta property=\"og:url\" content=\"https:\/\/medicinamuncii.md\/\" \/>\n<meta property=\"og:site_name\" content=\"Medicina Muncii\" \/>\n<meta property=\"article:modified_time\" content=\"2026-01-17T12:09:34+00:00\" \/>\n<meta name=\"twitter:card\" content=\"summary_large_image\" \/>\n<meta name=\"twitter:label1\" content=\"Timp estimat pentru citire\" \/>\n\t<meta name=\"twitter:data1\" content=\"2 minute\" \/>\n<script type=\"application\/ld+json\" class=\"yoast-schema-graph\">{\"@context\":\"https:\\\/\\\/schema.org\",\"@graph\":[{\"@type\":\"WebPage\",\"@id\":\"https:\\\/\\\/medicinamuncii.md\\\/\",\"url\":\"https:\\\/\\\/medicinamuncii.md\\\/\",\"name\":\"MEDICINA MUNCII\u00a0 - Medicina Muncii\",\"isPartOf\":{\"@id\":\"https:\\\/\\\/medicinamuncii.md\\\/#website\"},\"datePublished\":\"2021-11-19T08:10:13+00:00\",\"dateModified\":\"2026-01-17T12:09:34+00:00\",\"breadcrumb\":{\"@id\":\"https:\\\/\\\/medicinamuncii.md\\\/#breadcrumb\"},\"inLanguage\":\"ro-RO\",\"potentialAction\":[{\"@type\":\"ReadAction\",\"target\":[\"https:\\\/\\\/medicinamuncii.md\\\/\"]}]},{\"@type\":\"BreadcrumbList\",\"@id\":\"https:\\\/\\\/medicinamuncii.md\\\/#breadcrumb\",\"itemListElement\":[{\"@type\":\"ListItem\",\"position\":1,\"name\":\"Prima pagin\u0103\",\"item\":\"https:\\\/\\\/medicinamuncii.md\\\/\"},{\"@type\":\"ListItem\",\"position\":2,\"name\":\"MEDICINA MUNCII\u00a0\"}]},{\"@type\":\"WebSite\",\"@id\":\"https:\\\/\\\/medicinamuncii.md\\\/#website\",\"url\":\"https:\\\/\\\/medicinamuncii.md\\\/\",\"name\":\"Medicina Muncii\",\"description\":\"Fiecare este responsabil pentru siguran\u021ba la locul de munc\u0103 ... chiar \u0219i tu!\",\"potentialAction\":[{\"@type\":\"SearchAction\",\"target\":{\"@type\":\"EntryPoint\",\"urlTemplate\":\"https:\\\/\\\/medicinamuncii.md\\\/?s={search_term_string}\"},\"query-input\":{\"@type\":\"PropertyValueSpecification\",\"valueRequired\":true,\"valueName\":\"search_term_string\"}}],\"inLanguage\":\"ro-RO\"}]}<\/script>\n<!-- \/ Yoast SEO plugin. -->","yoast_head_json":{"title":"MEDICINA MUNCII\u00a0 - Medicina Muncii","robots":{"index":"index","follow":"follow","max-snippet":"max-snippet:-1","max-image-preview":"max-image-preview:large","max-video-preview":"max-video-preview:-1"},"canonical":"https:\/\/medicinamuncii.md\/","og_locale":"ro_RO","og_type":"article","og_title":"MEDICINA MUNCII\u00a0 - Medicina Muncii","og_description":"Medicina muncii reprezinta un serviciu obligatoriu pentru orice companie, indiferent de marime, industrie si profil. Totodata, este esentiala pentru monitorizarea starii de sanatate a angajatilor. Medicii specialisti a Centrului medical \u201eMedFaktor\u201d sunt la curent cu reglementarile legislative privind sanatatea si securitatea in munca, si lucreaza cu angajatori pentru a mentine intreprinderile functionate si angajatii in &hellip;Continu\u0103 lectura MEDICINA MUNCII\u00a0","og_url":"https:\/\/medicinamuncii.md\/","og_site_name":"Medicina Muncii","article_modified_time":"2026-01-17T12:09:34+00:00","twitter_card":"summary_large_image","twitter_misc":{"Timp estimat pentru citire":"2 minute"},"schema":{"@context":"https:\/\/schema.org","@graph":[{"@type":"WebPage","@id":"https:\/\/medicinamuncii.md\/","url":"https:\/\/medicinamuncii.md\/","name":"MEDICINA MUNCII\u00a0 - Medicina Muncii","isPartOf":{"@id":"https:\/\/medicinamuncii.md\/#website"},"datePublished":"2021-11-19T08:10:13+00:00","dateModified":"2026-01-17T12:09:34+00:00","breadcrumb":{"@id":"https:\/\/medicinamuncii.md\/#breadcrumb"},"inLanguage":"ro-RO","potentialAction":[{"@type":"ReadAction","target":["https:\/\/medicinamuncii.md\/"]}]},{"@type":"BreadcrumbList","@id":"https:\/\/medicinamuncii.md\/#breadcrumb","itemListElement":[{"@type":"ListItem","position":1,"name":"Prima pagin\u0103","item":"https:\/\/medicinamuncii.md\/"},{"@type":"ListItem","position":2,"name":"MEDICINA MUNCII\u00a0"}]},{"@type":"WebSite","@id":"https:\/\/medicinamuncii.md\/#website","url":"https:\/\/medicinamuncii.md\/","name":"Medicina Muncii","description":"Fiecare este responsabil pentru siguran\u021ba la locul de munc\u0103 ... chiar \u0219i tu!","potentialAction":[{"@type":"SearchAction","target":{"@type":"EntryPoint","urlTemplate":"https:\/\/medicinamuncii.md\/?s={search_term_string}"},"query-input":{"@type":"PropertyValueSpecification","valueRequired":true,"valueName":"search_term_string"}}],"inLanguage":"ro-RO"}]}},"jetpack_sharing_enabled":true,"_links":{"self":[{"href":"https:\/\/medicinamuncii.md\/index.php?rest_route=\/wp\/v2\/pages\/42","targetHints":{"allow":["GET"]}}],"collection":[{"href":"https:\/\/medicinamuncii.md\/index.php?rest_route=\/wp\/v2\/pages"}],"about":[{"href":"https:\/\/medicinamuncii.md\/index.php?rest_route=\/wp\/v2\/types\/page"}],"author":[{"embeddable":true,"href":"https:\/\/medicinamuncii.md\/index.php?rest_route=\/wp\/v2\/users\/1"}],"replies":[{"embeddable":true,"href":"https:\/\/medicinamuncii.md\/index.php?rest_route=%2Fwp%2Fv2%2Fcomments&post=42"}],"version-history":[{"count":9,"href":"https:\/\/medicinamuncii.md\/index.php?rest_route=\/wp\/v2\/pages\/42\/revisions"}],"predecessor-version":[{"id":283,"href":"https:\/\/medicinamuncii.md\/index.php?rest_route=\/wp\/v2\/pages\/42\/revisions\/283"}],"wp:attachment":[{"href":"https:\/\/medicinamuncii.md\/index.php?rest_route=%2Fwp%2Fv2%2Fmedia&parent=42"}],"curies":[{"name":"wp","href":"https:\/\/api.w.org\/{rel}","templated":true}]}}